[INFO] cloning repository https://github.com/AndrewGi/micro16
[INFO] running `Command { std: "git" "-c" "credential.helper=" "-c" "credential.helper=/workspace/cargo-home/bin/git-credential-null" "clone" "--bare" "https://github.com/AndrewGi/micro16" "/workspace/cache/git-repos/https%3A%2F%2Fgithub.com%2FAndrewGi%2Fmicro16", kill_on_drop: false }`
[INFO] [stderr] Cloning into bare repository '/workspace/cache/git-repos/https%3A%2F%2Fgithub.com%2FAndrewGi%2Fmicro16'...
[INFO] running `Command { std: "git" "rev-parse" "HEAD", kill_on_drop: false }`
[INFO] [stdout] 899fdc2c58d33ce74143e4b0ab12b1751021faf0
[INFO] checking AndrewGi/micro16 against master#e6e4f7ed1589e03bc2f6c5931c1a72e7947e8682 for beta-170-4
[INFO] running `Command { std: "git" "clone" "/workspace/cache/git-repos/https%3A%2F%2Fgithub.com%2FAndrewGi%2Fmicro16" "/workspace/builds/worker-4-tc2/source", kill_on_drop: false }`
[INFO] [stderr] Cloning into '/workspace/builds/worker-4-tc2/source'...
[INFO] [stderr] done.
[INFO] validating manifest of git repo https://github.com/AndrewGi/micro16 on toolchain e6e4f7ed1589e03bc2f6c5931c1a72e7947e8682
[INFO] running `Command { std: CARGO_HOME="/workspace/cargo-home" RUSTUP_HOME="/workspace/rustup-home" "/workspace/cargo-home/bin/cargo" "+e6e4f7ed1589e03bc2f6c5931c1a72e7947e8682" "metadata" "--manifest-path" "Cargo.toml" "--no-deps", kill_on_drop: false }`
[INFO] started tweaking git repo https://github.com/AndrewGi/micro16
[INFO] finished tweaking git repo https://github.com/AndrewGi/micro16
[INFO] tweaked toml for git repo https://github.com/AndrewGi/micro16 written to /workspace/builds/worker-4-tc2/source/Cargo.toml
[INFO] crate git repo https://github.com/AndrewGi/micro16 already has a lockfile, it will not be regenerated
[INFO] running `Command { std: CARGO_HOME="/workspace/cargo-home" RUSTUP_HOME="/workspace/rustup-home" "/workspace/cargo-home/bin/cargo" "+e6e4f7ed1589e03bc2f6c5931c1a72e7947e8682" "fetch" "--manifest-path" "Cargo.toml", kill_on_drop: false }`
[INFO] running `Command { std: "docker" "create" "-v" "/var/lib/crater-agent-workspace/builds/worker-4-tc2/target:/opt/rustwide/target:rw,Z" "-v" "/var/lib/crater-agent-workspace/builds/worker-4-tc2/source:/opt/rustwide/workdir:ro,Z" "-v" "/var/lib/crater-agent-workspace/cargo-home:/opt/rustwide/cargo-home:ro,Z" "-v" "/var/lib/crater-agent-workspace/rustup-home:/opt/rustwide/rustup-home:ro,Z" "-e" "SOURCE_DIR=/opt/rustwide/workdir" "-e" "CARGO_TARGET_DIR=/opt/rustwide/target" "-e" "CARGO_HOME=/opt/rustwide/cargo-home" "-e" "RUSTUP_HOME=/opt/rustwide/rustup-home" "-w" "/opt/rustwide/workdir" "-m" "1610612736" "--user" "0:0" "--network" "none" "ghcr.io/rust-lang/crates-build-env/linux@sha256:19e73879b68f455e41552ea35293514db52ea292d993f571636dbffedb77a1ee" "/opt/rustwide/cargo-home/bin/cargo" "+e6e4f7ed1589e03bc2f6c5931c1a72e7947e8682" "metadata" "--no-deps" "--format-version=1", kill_on_drop: false }`
[INFO] [stdout] ee0236503a4fdecaa0fcdec5e012f9d176c3ac68b61e0fcf784ed444f9d2a576
[INFO] running `Command { std: "docker" "start" "-a" "ee0236503a4fdecaa0fcdec5e012f9d176c3ac68b61e0fcf784ed444f9d2a576", kill_on_drop: false }`
[INFO] running `Command { std: "docker" "inspect" "ee0236503a4fdecaa0fcdec5e012f9d176c3ac68b61e0fcf784ed444f9d2a576", kill_on_drop: false }`
[INFO] running `Command { std: "docker" "rm" "-f" "ee0236503a4fdecaa0fcdec5e012f9d176c3ac68b61e0fcf784ed444f9d2a576", kill_on_drop: false }`
[INFO] [stdout] ee0236503a4fdecaa0fcdec5e012f9d176c3ac68b61e0fcf784ed444f9d2a576
[INFO] running `Command { std: "docker" "create" "-v" "/var/lib/crater-agent-workspace/builds/worker-4-tc2/target:/opt/rustwide/target:rw,Z" "-v" "/var/lib/crater-agent-workspace/builds/worker-4-tc2/source:/opt/rustwide/workdir:ro,Z" "-v" "/var/lib/crater-agent-workspace/cargo-home:/opt/rustwide/cargo-home:ro,Z" "-v" "/var/lib/crater-agent-workspace/rustup-home:/opt/rustwide/rustup-home:ro,Z" "-e" "SOURCE_DIR=/opt/rustwide/workdir" "-e" "CARGO_TARGET_DIR=/opt/rustwide/target" "-e" "CARGO_INCREMENTAL=0" "-e" "RUST_BACKTRACE=full" "-e" "RUSTFLAGS=--cap-lints=forbid" "-e" "RUSTDOCFLAGS=--cap-lints=forbid" "-e" "CARGO_HOME=/opt/rustwide/cargo-home" "-e" "RUSTUP_HOME=/opt/rustwide/rustup-home" "-w" "/opt/rustwide/workdir" "-m" "1610612736" "--user" "0:0" "--network" "none" "ghcr.io/rust-lang/crates-build-env/linux@sha256:19e73879b68f455e41552ea35293514db52ea292d993f571636dbffedb77a1ee" "/opt/rustwide/cargo-home/bin/cargo" "+e6e4f7ed1589e03bc2f6c5931c1a72e7947e8682" "check" "--frozen" "--all" "--all-targets" "--message-format=json", kill_on_drop: false }`
[INFO] [stdout] f086bbf18a22be7ba6f1e059a9cfa8740c1bd9363603c909a09696a81a13357a
[INFO] running `Command { std: "docker" "start" "-a" "f086bbf18a22be7ba6f1e059a9cfa8740c1bd9363603c909a09696a81a13357a", kill_on_drop: false }`
[INFO] [stderr]    Compiling autocfg v0.1.4
[INFO] [stderr]    Compiling num-bigint v0.2.2
[INFO] [stderr]    Compiling num-complex v0.2.1
[INFO] [stderr]    Compiling num-rational v0.2.1
[INFO] [stderr]     Checking downcast-rs v1.0.4
[INFO] [stderr]    Compiling num-traits v0.2.8
[INFO] [stderr]    Compiling num-integer v0.1.41
[INFO] [stderr]    Compiling num-iter v0.1.39
[INFO] [stderr]     Checking num v0.2.0
[INFO] [stderr]     Checking μ16 v0.1.0 (/opt/rustwide/workdir)
[INFO] [stdout] warning: unused imports: `Add`, `DerefMut`, `Deref`, `Range`
[INFO] [stdout]  --> src/microvm/memory/address_space.rs:2:16
[INFO] [stdout]   |
[INFO] [stdout] 2 | use std::ops::{Range, Deref, DerefMut, Add};
[INFO] [stdout]   |                ^^^^^  ^^^^^  ^^^^^^^^  ^^^
[INFO] [stdout]   |
[INFO] [stdout]   = note: `#[warn(unused_imports)]` on by default
[INFO] [stdout] 
[INFO] [stdout] 
[INFO] [stdout] warning: unused import: `crate::microvm::vm::VMError`
[INFO] [stdout]  --> src/microvm/memory/address_space.rs:5:5
[INFO] [stdout]   |
[INFO] [stdout] 5 | use crate::microvm::vm::VMError;
[INFO] [stdout]   |     ^^^^^^^^^^^^^^^^^^^^^^^^^^^
[INFO] [stdout] 
[INFO] [stdout] 
[INFO] [stdout] warning: unused import: `std::cmp::Ordering`
[INFO] [stdout]  --> src/microvm/memory/address_space.rs:6:5
[INFO] [stdout]   |
[INFO] [stdout] 6 | use std::cmp::Ordering;
[INFO] [stdout]   |     ^^^^^^^^^^^^^^^^^^
[INFO] [stdout] 
[INFO] [stdout] 
[INFO] [stdout] warning: unused import: `super::super::microvm::bits`
[INFO] [stdout]  --> src/risc_v_emu/decoder.rs:2:5
[INFO] [stdout]   |
[INFO] [stdout] 2 | use super::super::microvm::bits;
[INFO] [stdout]   |     ^^^^^^^^^^^^^^^^^^^^^^^^^^^
[INFO] [stdout] 
[INFO] [stdout] 
[INFO] [stdout] warning: unused import: `std::convert::TryInto`
[INFO] [stdout]  --> src/risc_v_emu/decoder.rs:3:5
[INFO] [stdout]   |
[INFO] [stdout] 3 | use std::convert::TryInto;
[INFO] [stdout]   |     ^^^^^^^^^^^^^^^^^^^^^
[INFO] [stdout] 
[INFO] [stdout] 
[INFO] [stdout] warning: unused import: `crate::microvm::memory::address::AddressType`
[INFO] [stdout]  --> src/r650x/mod.rs:1:5
[INFO] [stdout]   |
[INFO] [stdout] 1 | use crate::microvm::memory::address::AddressType;
[INFO] [stdout]   |     ^^^^^^^^^^^^^^^^^^^^^^^^^^^^^^^^^^^^^^^^^^^^
[INFO] [stdout] 
[INFO] [stdout] 
[INFO] [stdout] warning: unused import: `std::convert::TryInto`
[INFO] [stdout]  --> src/r650x/flags.rs:2:5
[INFO] [stdout]   |
[INFO] [stdout] 2 | use std::convert::TryInto;
[INFO] [stdout]   |     ^^^^^^^^^^^^^^^^^^^^^
[INFO] [stdout] 
[INFO] [stdout] 
[INFO] [stdout] warning: unused imports: `Add`, `DerefMut`, `Deref`, `Range`
[INFO] [stdout]  --> src/microvm/memory/address_space.rs:2:16
[INFO] [stdout]   |
[INFO] [stdout] 2 | use std::ops::{Range, Deref, DerefMut, Add};
[INFO] [stdout]   |                ^^^^^  ^^^^^  ^^^^^^^^  ^^^
[INFO] [stdout]   |
[INFO] [stdout]   = note: `#[warn(unused_imports)]` on by default
[INFO] [stdout] 
[INFO] [stdout] 
[INFO] [stdout] warning: unused import: `crate::microvm::vm::VMError`
[INFO] [stdout]  --> src/microvm/memory/address_space.rs:5:5
[INFO] [stdout]   |
[INFO] [stdout] 5 | use crate::microvm::vm::VMError;
[INFO] [stdout]   |     ^^^^^^^^^^^^^^^^^^^^^^^^^^^
[INFO] [stdout] 
[INFO] [stdout] 
[INFO] [stdout] warning: unused import: `std::cmp::Ordering`
[INFO] [stdout]  --> src/microvm/memory/address_space.rs:6:5
[INFO] [stdout]   |
[INFO] [stdout] 6 | use std::cmp::Ordering;
[INFO] [stdout]   |     ^^^^^^^^^^^^^^^^^^
[INFO] [stdout] 
[INFO] [stdout] 
[INFO] [stdout] warning: unused import: `super::super::microvm::bits`
[INFO] [stdout]  --> src/risc_v_emu/decoder.rs:2:5
[INFO] [stdout]   |
[INFO] [stdout] 2 | use super::super::microvm::bits;
[INFO] [stdout]   |     ^^^^^^^^^^^^^^^^^^^^^^^^^^^
[INFO] [stdout] 
[INFO] [stdout] 
[INFO] [stdout] warning: unused import: `std::convert::TryInto`
[INFO] [stdout]  --> src/risc_v_emu/decoder.rs:3:5
[INFO] [stdout]   |
[INFO] [stdout] 3 | use std::convert::TryInto;
[INFO] [stdout]   |     ^^^^^^^^^^^^^^^^^^^^^
[INFO] [stdout] 
[INFO] [stdout] 
[INFO] [stdout] warning: unused import: `crate::microvm::memory::address::AddressType`
[INFO] [stdout]  --> src/r650x/mod.rs:1:5
[INFO] [stdout]   |
[INFO] [stdout] 1 | use crate::microvm::memory::address::AddressType;
[INFO] [stdout]   |     ^^^^^^^^^^^^^^^^^^^^^^^^^^^^^^^^^^^^^^^^^^^^
[INFO] [stdout] 
[INFO] [stdout] 
[INFO] [stdout] warning: unused import: `std::convert::TryInto`
[INFO] [stdout]  --> src/r650x/flags.rs:2:5
[INFO] [stdout]   |
[INFO] [stdout] 2 | use std::convert::TryInto;
[INFO] [stdout]   |     ^^^^^^^^^^^^^^^^^^^^^
[INFO] [stdout] 
[INFO] [stdout] 
[INFO] [stdout] warning: unnecessary parentheses around assigned value
[INFO] [stdout]   --> src/r650x/flags.rs:51:30
[INFO] [stdout]    |
[INFO] [stdout] 51 |         *self.value_mut() |= (T::one() << position);
[INFO] [stdout]    |                              ^                    ^
[INFO] [stdout]    |
[INFO] [stdout]    = note: `#[warn(unused_parens)]` on by default
[INFO] [stdout] help: remove these parentheses
[INFO] [stdout]    |
[INFO] [stdout] 51 -         *self.value_mut() |= (T::one() << position);
[INFO] [stdout] 51 +         *self.value_mut() |= T::one() << position;
[INFO] [stdout]    |
[INFO] [stdout] 
[INFO] [stdout] 
[INFO] [stdout] warning: unused import: `crate::r650x::alu::ALU`
[INFO] [stdout]  --> src/r650x/core.rs:2:5
[INFO] [stdout]   |
[INFO] [stdout] 2 | use crate::r650x::alu::ALU;
[INFO] [stdout]   |     ^^^^^^^^^^^^^^^^^^^^^^
[INFO] [stdout] 
[INFO] [stdout] 
[INFO] [stdout] warning: unused import: `PSRFlag`
[INFO] [stdout]  --> src/r650x/alu.rs:1:25
[INFO] [stdout]   |
[INFO] [stdout] 1 | use super::flags::{PSR, PSRFlag};
[INFO] [stdout]   |                         ^^^^^^^
[INFO] [stdout] 
[INFO] [stdout] 
[INFO] [stdout] warning: unused import: `crate::r650x::flags::MCRFlag::Zero`
[INFO] [stdout]  --> src/r650x/decoder.rs:2:5
[INFO] [stdout]   |
[INFO] [stdout] 2 | use crate::r650x::flags::MCRFlag::Zero;
[INFO] [stdout]   |     ^^^^^^^^^^^^^^^^^^^^^^^^^^^^^^^^^^
[INFO] [stdout] 
[INFO] [stdout] 
[INFO] [stdout] warning: unnecessary parentheses around assigned value
[INFO] [stdout]   --> src/r650x/flags.rs:51:30
[INFO] [stdout]    |
[INFO] [stdout] 51 |         *self.value_mut() |= (T::one() << position);
[INFO] [stdout]    |                              ^                    ^
[INFO] [stdout]    |
[INFO] [stdout]    = note: `#[warn(unused_parens)]` on by default
[INFO] [stdout] help: remove these parentheses
[INFO] [stdout]    |
[INFO] [stdout] 51 -         *self.value_mut() |= (T::one() << position);
[INFO] [stdout] 51 +         *self.value_mut() |= T::one() << position;
[INFO] [stdout]    |
[INFO] [stdout] 
[INFO] [stdout] 
[INFO] [stdout] warning: unused import: `crate::r650x::alu::ALU`
[INFO] [stdout]  --> src/r650x/core.rs:2:5
[INFO] [stdout]   |
[INFO] [stdout] 2 | use crate::r650x::alu::ALU;
[INFO] [stdout]   |     ^^^^^^^^^^^^^^^^^^^^^^
[INFO] [stdout] 
[INFO] [stdout] 
[INFO] [stdout] warning: unused import: `PSRFlag`
[INFO] [stdout]  --> src/r650x/alu.rs:1:25
[INFO] [stdout]   |
[INFO] [stdout] 1 | use super::flags::{PSR, PSRFlag};
[INFO] [stdout]   |                         ^^^^^^^
[INFO] [stdout] 
[INFO] [stdout] 
[INFO] [stdout] warning: unused import: `crate::r650x::flags::MCRFlag::Zero`
[INFO] [stdout]  --> src/r650x/decoder.rs:2:5
[INFO] [stdout]   |
[INFO] [stdout] 2 | use crate::r650x::flags::MCRFlag::Zero;
[INFO] [stdout]   |     ^^^^^^^^^^^^^^^^^^^^^^^^^^^^^^^^^^
[INFO] [stdout] 
[INFO] [stdout] 
[INFO] [stdout] error[E0308]: mismatched types
[INFO] [stdout]   --> src/r650x/core.rs:68:56
[INFO] [stdout]    |
[INFO] [stdout] 68 |         let resulti = (inter_result.0).overflowing_add(carry as i8);
[INFO] [stdout]    |                                        --------------- ^^^^^^^^^^^ expected `u8`, found `i8`
[INFO] [stdout]    |                                        |
[INFO] [stdout]    |                                        arguments to this method are incorrect
[INFO] [stdout]    |
[INFO] [stdout] note: method defined here
[INFO] [stdout]   --> /rustc/e6e4f7ed1589e03bc2f6c5931c1a72e7947e8682/library/core/src/num/mod.rs:489:5
[INFO] [stdout]    = note: this error originates in the macro `uint_impl` (in Nightly builds, run with -Z macro-backtrace for more info)
[INFO] [stdout] help: you can convert an `i8` to a `u8` and panic if the converted value doesn't fit
[INFO] [stdout]    |
[INFO] [stdout] 68 |         let resulti = (inter_result.0).overflowing_add((carry as i8).try_into().unwrap());
[INFO] [stdout]    |                                                        +           +++++++++++++++++++++
[INFO] [stdout] 
[INFO] [stdout] 
[INFO] [stdout] error[E0308]: mismatched types
[INFO] [stdout]   --> src/r650x/core.rs:68:56
[INFO] [stdout]    |
[INFO] [stdout] 68 |         let resulti = (inter_result.0).overflowing_add(carry as i8);
[INFO] [stdout]    |                                        --------------- ^^^^^^^^^^^ expected `u8`, found `i8`
[INFO] [stdout]    |                                        |
[INFO] [stdout]    |                                        arguments to this method are incorrect
[INFO] [stdout]    |
[INFO] [stdout] note: method defined here
[INFO] [stdout]   --> /rustc/e6e4f7ed1589e03bc2f6c5931c1a72e7947e8682/library/core/src/num/mod.rs:489:5
[INFO] [stdout]    = note: this error originates in the macro `uint_impl` (in Nightly builds, run with -Z macro-backtrace for more info)
[INFO] [stdout] help: you can convert an `i8` to a `u8` and panic if the converted value doesn't fit
[INFO] [stdout]    |
[INFO] [stdout] 68 |         let resulti = (inter_result.0).overflowing_add((carry as i8).try_into().unwrap());
[INFO] [stdout]    |                                                        +           +++++++++++++++++++++
[INFO] [stdout] 
[INFO] [stdout] 
[INFO] [stdout] error[E0308]: mismatched types
[INFO] [stdout]   --> src/r650x/core.rs:72:33
[INFO] [stdout]    |
[INFO] [stdout] 72 |         self.regs.accumulator = result;
[INFO] [stdout]    |         ---------------------   ^^^^^^ expected `u8`, found `(u8, bool)`
[INFO] [stdout]    |         |
[INFO] [stdout]    |         expected due to the type of this binding
[INFO] [stdout]    |
[INFO] [stdout]    = note: expected type `u8`
[INFO] [stdout]              found tuple `(u8, bool)`
[INFO] [stdout] 
[INFO] [stdout] 
[INFO] [stdout] error[E0308]: mismatched types
[INFO] [stdout]   --> src/r650x/core.rs:72:33
[INFO] [stdout]    |
[INFO] [stdout] 72 |         self.regs.accumulator = result;
[INFO] [stdout]    |         ---------------------   ^^^^^^ expected `u8`, found `(u8, bool)`
[INFO] [stdout]    |         |
[INFO] [stdout]    |         expected due to the type of this binding
[INFO] [stdout]    |
[INFO] [stdout]    = note: expected type `u8`
[INFO] [stdout]              found tuple `(u8, bool)`
[INFO] [stdout] 
[INFO] [stdout] 
[INFO] [stdout] error[E0308]: mismatched types
[INFO] [stdout]   --> src/r650x/core.rs:79:30
[INFO] [stdout]    |
[INFO] [stdout] 79 |         self.check_for_flags(result);
[INFO] [stdout]    |              --------------- ^^^^^^ expected `u8`, found `(u8, bool)`
[INFO] [stdout]    |              |
[INFO] [stdout]    |              arguments to this method are incorrect
[INFO] [stdout]    |
[INFO] [stdout]    = note: expected type `u8`
[INFO] [stdout]              found tuple `(u8, bool)`
[INFO] [stdout] note: method defined here
[INFO] [stdout]   --> src/r650x/core.rs:45:8
[INFO] [stdout]    |
[INFO] [stdout] 45 |     fn check_for_flags(&mut self, reg: u8) {
[INFO] [stdout]    |        ^^^^^^^^^^^^^^^            -------
[INFO] [stdout] 
[INFO] [stdout] 
[INFO] [stdout] error[E0308]: mismatched types
[INFO] [stdout]   --> src/r650x/core.rs:79:30
[INFO] [stdout]    |
[INFO] [stdout] 79 |         self.check_for_flags(result);
[INFO] [stdout]    |              --------------- ^^^^^^ expected `u8`, found `(u8, bool)`
[INFO] [stdout]    |              |
[INFO] [stdout]    |              arguments to this method are incorrect
[INFO] [stdout]    |
[INFO] [stdout]    = note: expected type `u8`
[INFO] [stdout]              found tuple `(u8, bool)`
[INFO] [stdout] note: method defined here
[INFO] [stdout]   --> src/r650x/core.rs:45:8
[INFO] [stdout]    |
[INFO] [stdout] 45 |     fn check_for_flags(&mut self, reg: u8) {
[INFO] [stdout]    |        ^^^^^^^^^^^^^^^            -------
[INFO] [stdout] 
[INFO] [stdout] 
[INFO] [stdout] error: aborting due to 3 previous errors; 11 warnings emitted
[INFO] [stdout] 
[INFO] [stdout] 
[INFO] [stdout] For more information about this error, try `rustc --explain E0308`.
[INFO] [stdout] 
[INFO] [stdout] error: aborting due to 3 previous errors; 11 warnings emitted
[INFO] [stdout] 
[INFO] [stdout] 
[INFO] [stdout] For more information about this error, try `rustc --explain E0308`.
[INFO] [stdout] 
[INFO] [stderr] error: could not compile `μ16` (lib) due to 4 previous errors; 11 warnings emitted
[INFO] [stderr] warning: build failed, waiting for other jobs to finish...
[INFO] [stderr] error: could not compile `μ16` (lib test) due to 4 previous errors; 11 warnings emitted
[INFO] running `Command { std: "docker" "inspect" "f086bbf18a22be7ba6f1e059a9cfa8740c1bd9363603c909a09696a81a13357a", kill_on_drop: false }`
[INFO] running `Command { std: "docker" "rm" "-f" "f086bbf18a22be7ba6f1e059a9cfa8740c1bd9363603c909a09696a81a13357a", kill_on_drop: false }`
[INFO] [stdout] f086bbf18a22be7ba6f1e059a9cfa8740c1bd9363603c909a09696a81a13357a
